
Is 213754139 composite?
False
Is 453845935 a prime number?
False
Is 135797 prime?
False
Is 8605715 a composite number?
True
Is 354314507 composite?
False
Is 49947203 composite?
False
Is 13583057 a composite number?
True
Is 828059 a prime number?
True
Is 58854823 a composite number?
True
Is 210334619 composite?
True
Is 229209 a prime number?
False
Is 4094033 composite?
True
Is 86779481 composite?
True
Is 8535109 composite?
True
Is 11447005 a prime number?
False
Is 1796993 a composite number?
True
Is 62387257 prime?
False
Is 625477 a composite number?
False
Is 4777537 a prime number?
False
Is 1041557 prime?
False
Is 669523 a prime number?
False
Is 104496389 prime?
True
Is 34972169 a prime number?
False
Is 161630797 composite?
True
Is 5509069 a prime number?
False
Is 482773951 a composite number?
True
Is 7972499 prime?
True
Is 16319483 prime?
True
Is 107428379 a composite number?
False
Is 1665713 a prime number?
False
Is 78074333 a prime number?
True
Is 37560461 a composite number?
True
Is 324113 a composite number?
False
Is 62600929 a prime number?
False
Is 3610207 prime?
False
Is 3587861 composite?
False
Is 4863017 prime?
True
Is 19627003 prime?
False
Is 424936333 prime?
False
Is 35341987 a prime number?
False
Is 227251 prime?
True
Is 211403 a composite number?
False
Is 14622767 prime?
False
Is 8447889 composite?
True
Is 4322662 a composite number?
True
Is 5893661 a prime number?
True
Is 29627779 prime?
True
Is 107992091 a prime number?
True
Is 969463487 a composite number?
False
Is 16585427 composite?
False
Is 1008715 composite?
True
Is 636537611 a prime number?
True
Is 8016851 prime?
True
Is 21325949 a composite number?
True
Is 758129 composite?
True
Is 87041737 a prime number?
True
Is 19232579 composite?
True
Is 1298366 composite?
True
Is 74040401 prime?
False
Is 6884333 composite?
False
Is 38682403 composite?
True
Is 1846007 a prime number?
False
Is 132191 composite?
True
Is 8851657 a prime number?
True
Is 96347777 composite?
True
Is 62700031 composite?
True
Is 9636769 a prime number?
True
Is 2064275683 composite?
False
Is 3474895 a composite number?
True
Is 352270631 prime?
False
Is 65022301 a composite number?
True
Is 9580717 prime?
False
Is 864863 composite?
True
Is 41010587 a composite number?
True
Is 2423489 composite?
False
Is 18389513 prime?
True
Is 25828271 a prime number?
False
Is 669607 a prime number?
True
Is 25321 a prime number?
True
Is 8349487 a prime number?
True
Is 16061651 a prime number?
False
Is 160878259 composite?
True
Is 8755231 composite?
False
Is 191683781 a composite number?
False
Is 48564097 a composite number?
False
Is 305223 composite?
True
Is 18028555 prime?
False
Is 6307993 prime?
False
Is 58853 a prime number?
False
Is 65810629 a prime number?
False
Is 250543 a prime number?
True
Is 17250991 composite?
True
Is 420719186 a prime number?
False
Is 22463971 prime?
True
Is 350123 prime?
False
Is 788441831 a composite number?
False
Is 9762517 a composite number?
False
Is 453791363 composite?
False
Is 1928357 a prime number?
False
Is 34899647 a composite number?
True
Is 764833 prime?
False
Is 2723447 prime?
True
Is 1668413 a composite number?
True
Is 163751369 composite?
False
Is 102757171 composite?
True
Is 16874783 prime?
False
Is 49217521 composite?
False
Is 62567711 a composite number?
True
Is 6831397 prime?
True
Is 40095593 a prime number?
True
Is 472710673 a composite number?
False
Is 23580329 composite?
False
Is 120126503 composite?
True
Is 15134909 prime?
True
Is 10899437 a prime number?
True
Is 13591817 a prime number?
True
Is 19798853 a prime number?
False
Is 14206817 a composite number?
True
Is 2291815 composite?
True
Is 19217687 a prime number?
True
Is 18861841 a prime number?
False
Is 13723817 composite?
True
Is 7673801 a composite number?
False
Is 20126791 a prime number?
False
Is 16370303 a prime number?
False
Is 1549021 a composite number?
True
Is 14411663 a prime number?
False
Is 622943 a prime number?
True
Is 30183203 composite?
False
Is 5946977 a composite number?
True
Is 7051543 a composite number?
True
Is 15912679 composite?
True
Is 128646101 composite?
False
Is 55941719 composite?
True
Is 95080166 prime?
False
Is 55092277 prime?
False
Is 51873 a composite number?
True
Is 7328401 composite?
False
Is 13502163 a composite number?
True
Is 365858429 prime?
True
Is 1118686781 prime?
True
Is 13446101 a composite number?
False
Is 137759 composite?
True
Is 1234855 a prime number?
False
Is 9471247 composite?
False
Is 2635163 prime?
True
Is 99360413 a composite number?
False
Is 251297 prime?
True
Is 498082339 a prime number?
False
Is 50503322 a composite number?
True
Is 177409 a prime number?
True
Is 1207106 a prime number?
False
Is 1022359 composite?
True
Is 14741443 prime?
False
Is 497491 a composite number?
False
Is 450061867 composite?
False
Is 4350547 a prime number?
False
Is 7408106 composite?
True
Is 291173867 prime?
True
Is 23724529 prime?
True
Is 6472397 a composite number?
True
Is 321071871 a composite number?
True
Is 5818457 a composite number?
False
Is 55207423 prime?
True
Is 43306231 prime?
True
Is 10349 a prime number?
False
Is 79520347 prime?
False
Is 2359361 prime?
False
Is 207131 a prime number?
False
Is 239444971 prime?
False
Is 143182205 a composite number?
True
Is 221326717 a prime number?
True
Is 914131 prime?
True
Is 1125713 prime?
True
Is 1345249 composite?
True
Is 1703646511 a composite number?
True
Is 35168963 composite?
False
Is 273289 a prime number?
True
Is 1973087 a composite number?
False
Is 5435827 a composite number?
False
Is 166013 composite?
False
Is 4614061 a prime number?
True
Is 1923661 prime?
False
Is 1889603 a prime number?
True
Is 271118 a prime number?
False
Is 1267198 a composite number?
True
Is 11584553 a prime number?
True
Is 747977 a prime number?
True
Is 1025947 prime?
False
Is 3170746 composite?
True
Is 3639549 composite?
True
Is 576719363 composite?
True
Is 33519503 a prime number?
False
Is 999736207 prime?
True
Is 231799 a composite number?
False
Is 114899633 composite?
True
Is 22747031 composite?
False
Is 51917038 composite?
True
Is 116920273 composite?
True
Is 90701549 prime?
False
Is 7554791 a prime number?
True
Is 22099771 composite?
False
Is 800220327 a prime number?
False
Is 11474273 prime?
True
Is 1175809 a composite number?
True
Is 61365749 composite?
True
Is 7932031 composite?
False
Is 9134867 a composite number?
True
Is 78197719 prime?
True
Is 14582507 prime?
True
Is 10006603 prime?
True
Is 117742046 a composite number?
True
Is 989411 prime?
True
Is 21267655 a prime number?
False
Is 6321935 composite?
True
Is 365945 prime?
False
Is 54935633 composite?
False
Is 7384369 a composite number?
True
Is 203434129 composite?
False
Is 421800253 prime?
False
Is 140095817 composite?
False
Is 29961289 a composite number?
False
Is 25173329 composite?
False
Is 53550613 composite?
False
Is 6620281 a prime number?
True
Is 98889761 a prime number?
True
Is 152350447 prime?
False
Is 14654063 composite?
False
Is 110436674 a composite number?
True
Is 110170969 a prime number?
True
Is 8176651 composite?
True
Is 9558123 a prime number?
False
Is 5445607 composite?
False
Is 190471 a prime number?
True
Is 1742781 prime?
False
Is 13608791 composite?
True
Is 2376317 a prime number?
True
Is 2790883 a prime number?
True
Is 66056377 a prime number?
True
Is 5160037 a composite number?
False
Is 28979107 a prime number?
True
Is 22949753 prime?
True
Is 62271967 composite?
True
Is 9937526 a composite number?
True
Is 22153957 a composite number?
True
Is 105079579 a prime number?
False
Is 2041701 a prime number?
False
Is 9331183 a composite number?
False
Is 108559723 prime?
False
Is 82302949 a composite number?
True
Is 13893353 prime?
True
Is 32106149 composite?
True
Is 2574787 a prime number?
False
Is 943387 prime?
True
Is 8096579 composite?
True
Is 87102179 a composite number?
False
Is 14595041 prime?
False
Is 9565643 a composite number?
True
Is 25762235 a prime number?
False
Is 112741253 a prime number?
False
Is 18844997 a composite number?
False
Is 136042369 composite?
True
Is 32306795 a prime number?
False
Is 10339997 a prime number?
True
Is 1007287 composite?
True
Is 4657537 prime?
True
Is 5474377 a composite number?
False
Is 892817 a composite number?
False
Is 43663595 prim